7 - x. What is the highest common factor of 1 and i?
1
Let c = 6 - 4. Calculate the highest common factor of c and 6.
2
Let f(a) = 2*a**2 - 10*a. Let n be f(6). What is the highest common divisor of n and 12?
12
Let t(a) = a**3 - 2*a**2 + 2*a + 3. Let s be t(3). Let n = -44 + 56. What is the greatest common divisor of s and n?
6
Let i(c) = 22*c + 2. Let d(x) = 89*x + 7. Let f(t) = -2*d(t) + 9*i(t). Let a be f(5). Calculate the highest common factor of a and 13.
13
Let o be (-4 + 7 - 0) + 54. What is the highest common factor of 19 and o?
19
Let u(s) = 4*s - 67. Let v be u(22). Calculate the greatest common divisor of v and 6.
3
Suppose -4*d - 420 = -4*i, -3*i + 323 = d - 0*d. Let q(r) = -3*r**2 - r. Let c be q(-4). Let n = i + c. What is the highest common divisor of n and 9?
9
Suppose -6*l + 2*l - 396 = -4*y, 2*y + l - 183 = 0. Suppose -2*q = -68 - y. Suppose t = -2*t + q. What is the highest common divisor of t and 3?
3
Suppose -4*n + z = 8 - 37, 5*n + 2*z = 46. Let u be n - -1 - 0/(-2). What is the greatest common divisor of 3 and u?
3
Let z be ((-52)/2)/((-4)/6). Let a = -3 + 3. Let k(r) = -r**3 + r**2 + 13. Let b be k(a). Calculate the highest common divisor of b and z.
13
Let u be (-4)/(-2) + -1 + 2. Suppose 776 = -n + u*n. Let m be 1/3 + n/6. Calculate the greatest common divisor of m and 13.
13
Let i(z) = z**3 + 15*z**2 + 13*z - 11. Let k be i(-14). Suppose m + 96 = k*m. What is the highest common factor of m and 32?
16
Suppose -5 = 2*m + 1. Let g be (-80)/12*m/2. What is the greatest common factor of 80 and g?
10
Let u(k) = k**3 - 7*k**2 - 9*k + 7. Let s be u(8). Let d(p) = 52*p**2 - 2*p - 1. Let y be d(s). Let v = y - 3. What is the greatest common divisor of v and 20?
10
Let t be ((-2)/5)/(6/(-15)). Let l be (-2)/1 + (3 - -1). Suppose 10 = l*n - 12. What is the greatest common divisor of t and n?
1
Let x = 316 + -196. Calculate the greatest common divisor of 24 and x.
24
Let c(n) = n - 1. Let j(q) = 9. Let h(p) = 18*c(p) + 3*j(p). Let l be h(11). What is the greatest common divisor of l and 23?
23
Let h(r) = 7*r - 1. Let p be h(1). Suppose 0 = -4*o + 26 - 10. Suppose -i = -o*i + 2*t + 18, -3*t - 12 = -2*i. What is the greatest common factor of i and p?
6
Suppose 0 = -2*a + 29 - 7. Calculate the highest common divisor of 44 and a.
11
Suppose 10 = 2*y + 2*t, -3*y + 2*t + 8 = -2*y. Suppose -2*a + y = -16. Calculate the greatest common divisor of a and 88.
11
Let m = 329 + -189. What is the greatest common factor of m and 28?
28
Let u be 1659/28 + 3/4. Calculate the highest common divisor of 24 and u.
12
Let j = -16 - -28. Let i = -27 + 39. What is the greatest common divisor of j and i?
12
Let j = -11 + 20. Calculate the highest common factor of 36 and j.
9
Suppose 0 = 5*b + 2*g - 150, 0 = 5*b - 3*b - 4*g - 84. Calculate the greatest common factor of b and 48.
16
Suppose 3*x + x = 40. Let h = x - 7. Suppose -v - 66 = -u - 4*u, -3*v = h. What is the greatest common factor of 26 and u?
13
Suppose -3*p + 5*m + 19 = 0, 0 = -5*p - 6*m + 2*m + 44. Let t = 3 + p. What is the greatest common divisor of 99 and t?
11
Let w = 11 - -16. Let n be (w/(-6))/(2/(-12)). Suppose 0 = -4*l + 3*g + 15, -2*g + 0 = 2. What is the greatest common factor of n and l?
3
Let s(b) = -15*b**3 + b**2 + 2*b + 1. Let k be s(-1). Let t be (-2 + (3 - -2))*5. Calculate the greatest common factor of k and t.
15
Let x be ((-15)/(-2))/(1/2). What is the greatest common factor of 10 and x?
5
Let n(h) = 228*h - 2. Let d be n(2). Suppose -2*m - r = -181, 5*m + 2*r = -2*r + d. What is the highest common divisor of m and 36?
18
Suppose 0 = 5*z + k - 9, -3*z + 2 = k - 3. Suppose -z*c + 1 = u - 4*c, 4*c = -3*u + 33. Calculate the greatest common divisor of 63 and u.
7
Let g(o) = -o + 63. Let h be g(23). Calculate the highest common factor of 10 and h.
10
Let t(g) = -g + 9. Suppose 0 = u + 2*a + a - 4, -3*a = 3*u - 18. Let d be t(u). What is the greatest common divisor of 16 and d?
2
Suppose -5*r + r + 44 = 0. What is the highest common divisor of 22 and r?
11
Let h = 31 - 26. What is the greatest common factor of h and 5?
5
Suppose 0*g + 2112 = 3*g. Suppose -s + 151 = 2*z + 3*z, 4*s = 5*z + g. Let v = -54 + s. Calculate the greatest common factor of v and 13.
13
Let c = 216 - 152. Suppose -19*w + 56 = -12*w. What is the highest common divisor of c and w?
8
Suppose -s - 14 = 2*s + 5*c, -2*s + 2*c = 20. Let l = 8 - s. Let f be l*1*(-30)/(-12). Calculate the greatest common factor of 5 and f.
5
Let c be 8/(-3)*18/(-6 - -3). Let a(w) = -w**2 - w + 80. Let o be a(0). What is the greatest common factor of c and o?
16
Let o be (-4 - -2)*(-3)/2. Suppose 5*v + 3*m + 235 = m, -2*m = 0. Let b = -14 - v. Calculate the highest common factor of o and b.
3
Let g be 20/(-8)*(-1 + -3). Let m(y) = y**3 + 6*y**2 - 9*y + 6. Let x be m(-7). Calculate the greatest common factor of x and g.
10
Let m(a) = a - 9. Let l be m(0). Let r = l - -21. Suppose -3*u - 2*p - p = -r, 4*u - 5*p = 16. What is the highest common factor of 20 and u?
4
Let o be ((-2)/(-1))/1*3. What is the highest common divisor of 6 and o?
6
Let g(v) = -v**2 + 14*v + 22. Let s be g(14). What is the greatest common divisor of 2 and s?
2
Let o be -1 + (-3 + 2 - -3). Let l = o - -2. Calculate the greatest common divisor of l and 33.
3
Let d(n) = -n**2 - 18*n + 1. Let g be d(-10). Calculate the highest common divisor of g and 9.
9
Suppose -6 = -3*r + 18. Let h = r + 9. What is the highest common divisor of 17 and h?
17
Let q(s) = -6*s - 2. Let t be q(-1). Suppose t*o + c - 37 = 0, c - 46 = -5*o - 0*c. Calculate the highest common factor of o and 45.
9
Let f = 5 + 4. Suppose -11*q + 7*q = -288. What is the highest common divisor of f and q?
9
Let p(m) = -m + 13. Let b be p(8). Let k(u) = 0*u - u**2 - b*u - 2 + 4. Let w be k(-4). What is the highest common factor of 18 and w?
6
Let g(a) = a - 2. Let x be g(2). Suppose 4*t = -x*t - 68. Let d = t - -29. What is the greatest common factor of d and 12?
12
Let n(m) = m**3 - m**2 - m + 108. Let b be n(0). Let y(i) = i + 2. Let c be y(10). Calculate the greatest common factor of b and c.
12
Let g = 10 + -5. Let i = 453 + -319. Let r = 189 - i. What is the greatest common divisor of r and g?
5
Let s = 37 - 24. Calculate the highest common factor of s and 39.
13
Suppose 0 = -2*n + 2. Let q be -1 - (n - 2) - -126. Let j = 3 - -15. What is the highest common factor of j and q?
18
Suppose 7 = 4*s - 5. Suppose 4*r + 2*h = 48, 4*r + s*h - 36 = r. Let k be (-5)/2*r/(-10). What is the highest common factor of 1 and k?
1
Suppose -3*a - 12 = -r - 236, 3*a + 3*r = 228. Calculate the highest common factor of a and 15.
15
Let a be 17 + 6/15*5. Calculate the greatest common divisor of 171 and a.
19
Let g(w) = -2*w + 51. Let f be g(0). What is the highest common divisor of f and 34?
17
Suppose -2*i = 1 - 7. Suppose s - 212 = i*z, z - 89 - 107 = -s. Calculate the highest common factor of 25 and s.
25
Suppose 0 = -2*m + 7*m - 600. Suppose 32 = i + 2*i + 4*s, 0 = 5*i + 2*s - 58. What is the highest common divisor of m and i?
12
Let g be (-1)/(-3) + 99/27. Suppose 13 = 2*i + 5*b - 3, -b - g = -2*i. What is the greatest common factor of 27 and i?
3
Let i = 62 - 44. Let v = 2 + 0. Calculate the highest common divisor of v and i.
2
Let d(z) = -z**2 - 8*z + 1. Let x be d(-8). Let o be (-1 - -1)/(x + 0). Suppose o*v = 3*v - 561. Calculate the highest common divisor of v and 17.
17
Let d = 104 + 6. What is the highest common divisor of 10 and d?
10
Let l be 2/(-9) - (-2020)/18. Let i be (-2 - 0) + 18 + -2. What is the highest common divisor of l and i?
14
Let d(a) = -a**3 + 6*a**2 - 3*a + 5. Let l be (-2)/5 + (-64)/(-10). Let r be d(l). Let z be 1 + 0 - -1 - r. What is the greatest common divisor of 6 and z?
3
Let a(n) = n**2 - 3*n - 3. Let w be 5/(-4)*1*-4. Let r be a(w). Calculate the highest common divisor of 7 and r.
7
Let o = -68 - -108. Calculate the highest common factor of 120 and o.
40
Let n(k) = 3*k + 2. Let x be n(3). Suppose v - 49 = -5. Calculate the greatest common divisor of x and v.
11
Suppose 0 = -u - 5*n + 122, -2*n - 332 = -3*u - 0*u. Let b(a) = a**2 - 12*a - 50. Let z be b(-4). What is the greatest common divisor of z and u?
14
Let j be (-3)/(-6)*98 + 1. What is the highest common factor of 10 and j?